{"version":"1.0","provider_name":"Med-O-Med","provider_url":"https:\/\/medomed.org\/es\/","author_name":"Med-O-Med","author_url":"https:\/\/medomed.org\/es\/author\/med-o-med\/","title":"Cuando el agua salta y canta - Med-O-Med","type":"rich","width":600,"height":338,"html":"<blockquote class=\"wp-embedded-content\" data-secret=\"piUM6g2u1f\"><a href=\"https:\/\/medomed.org\/es\/2011\/cuando-el-agua-salta-y-canta\/\">Cuando el agua salta y canta<\/a><\/blockquote><iframe sandbox=\"allow-scripts\" security=\"restricted\" src=\"https:\/\/medomed.org\/es\/2011\/cuando-el-agua-salta-y-canta\/embed\/#?secret=piUM6g2u1f\" width=\"600\" height=\"338\" title=\"\u00abCuando el agua salta y canta\u00bb \u2014 Med-O-Med\" data-secret=\"piUM6g2u1f\" frameborder=\"0\" marginwidth=\"0\" marginheight=\"0\" scrolling=\"no\" class=\"wp-embedded-content\"><\/iframe><script type=\"text\/javascript\">\n\/* <![CDATA[ *\/\n\/*! This file is auto-generated *\/\n!function(d,l){\"use strict\";l.querySelector&&d.addEventListener&&\"undefined\"!=typeof URL&&(d.wp=d.wp||{},d.wp.receiveEmbedMessage||(d.wp.receiveEmbedMessage=function(e){var t=e.data;if((t||t.secret||t.message||t.value)&&!\/[^a-zA-Z0-9]\/.test(t.secret)){for(var s,r,n,a=l.querySelectorAll('iframe[data-secret=\"'+t.secret+'\"]'),o=l.querySelectorAll('blockquote[data-secret=\"'+t.secret+'\"]'),c=new RegExp(\"^https?:$\",\"i\"),i=0;i<o.length;i++)o[i].style.display=\"none\";for(i=0;i<a.length;i++)s=a[i],e.source===s.contentWindow&&(s.removeAttribute(\"style\"),\"height\"===t.message?(1e3<(r=parseInt(t.value,10))?r=1e3:~~r<200&&(r=200),s.height=r):\"link\"===t.message&&(r=new URL(s.getAttribute(\"src\")),n=new URL(t.value),c.test(n.protocol))&&n.host===r.host&&l.activeElement===s&&(d.top.location.href=t.value))}},d.addEventListener(\"message\",d.wp.receiveEmbedMessage,!1),l.addEventListener(\"DOMContentLoaded\",function(){for(var e,t,s=l.querySelectorAll(\"iframe.wp-embedded-content\"),r=0;r<s.length;r++)(t=(e=s[r]).getAttribute(\"data-secret\"))||(t=Math.random().toString(36).substring(2,12),e.src+=\"#?secret=\"+t,e.setAttribute(\"data-secret\",t)),e.contentWindow.postMessage({message:\"ready\",secret:t},\"*\")},!1)))}(window,document);\n\/\/# sourceURL=https:\/\/medomed.org\/wp-includes\/js\/wp-embed.min.js\n\/* ]]> *\/\n<\/script>\n","thumbnail_url":"https:\/\/medomed.org\/wp-content\/uploads\/2011\/06\/dscn0383.jpg","thumbnail_width":700,"thumbnail_height":525,"description":"&nbsp; El jard\u00edn isl\u00e1mico se revitaliza con diversos proyectos internacionales que toman como inspiraci\u00f3n el legado andalus\u00ed Jard\u00edn \u00e1rabe o jard\u00edn isl\u00e1mico? Es la primera pregunta que surge cuando se evocan aquellos jardines que, surgidos desde el siglo VII hasta el declive del imperio otomano, sugieren sombras juguetonas, arriates de flores olorosas en estudiado desorden, [...]"}

&nbsp; El jardín islámico se revitaliza con diversos proyectos internacionales que toman como inspiración el legado andalusí Jardín árabe o jardín islámico? Es la primera pregunta que surge cuando se evocan aquellos jardines que, surgidos desde el siglo VII hasta el declive del imperio otomano, sugieren sombras juguetonas, arriates de flores olorosas en estudiado desorden, [...]
